d(s) = t*j(s) - 6*i(s). Determine d(-2).
4
Let f(s) = -3*s + 4. Let q(b) = -b - 1. Let d(y) = -f(y) + 4*q(y). What is d(-6)?
-2
Let m = 333 - 341. Let s(i) = i**2 + 9*i + 6. Give s(m).
-2
Let x = 109 + -79. Suppose m - x = -5*u, m = 4*u - 0*m - 33. Let s(w) = w**2 - 11*w + 6. Determine s(u).
-22
Let x(b) = -2*b + 5. Let z be 2/3 + (-6)/9. Let l be x(z). Let h(n) be the third derivative of -n**6/120 + n**5/15 + n**4/4 + n**3 - n**2. What is h(l)?
11
Let m(p) = 2*p. Let d be m(-2). Let r(j) = 12 - 715*j + 355*j - 15 + 355*j. What is r(d)?
17
Let h(z) be the third derivative of -z**6/120 + z**5/12 - z**4/6 + z**3/2 + 5*z**2. Let w be 4/14 - (-6)/(-21). Suppose w + 3 = v. Determine h(v).
9
Let w(t) be the third derivative of 3*t**4/8 - 11*t**3/6 - 100*t**2 - t. Determine w(5).
34
Let f(h) = -h**2 + 2*h + 7. Suppose 0 = 46*i - 18*i - 140. Give f(i).
-8
Let s(m) be the third derivative of -m**5/60 - m**4/24 + m**3/2 - 28*m**2. Determine s(-4).
-9
Let x(i) = 2*i - 3. Let f be 10/8*(-11)/((-66)/24). Suppose 2*q + u = 5 + 2, 13 = -2*q - 5*u. Suppose 2*o - 2 = c - 0, -2*c - q = -f*o. Determine x(c).
1
Let k = 672 + -672. Let g(v) = -v**3 + v**2 + v - 27. What is g(k)?
-27
Let w = 32 + -26. Suppose -x + w*x - 3*d = -10, -3*x = -2*d + 6. Let f(b) = -2*b**2 - b. Give f(x).
-6
Let i(b) = -b**3 + 3*b**2 - 3*b + 4. Let f = 418 - 415. What is i(f)?
-5
Let x(y) = y**3 - 5*y**2 - 3*y - 10. Let a = 5 - -1. Let b be x(a). Let c(j) = 2*j - 6*j**2 + 0*j - 1 + 0 + j**3 + b*j**2. Determine c(-2).
-5
Let q(g) = g**2 + 0*g**2 + 0*g**2 - 5*g + 4*g + 1 + 1. Determine q(-3).
14
Let x(w) = 8*w**2 - 2 - 9*w**3 + 4*w - 12*w**2 + 3 + 10*w**3. Let q = -5 + 15. Let z(t) = -t + 13. Let i be z(q). Calculate x(i).
4
Let m be (-75)/(-30)*6/(-5). Let a be (-6)/(-5)*(-10)/m. Let k(x) = -3*x**2 + 0*x**2 - 9 + 10 + a*x**2. Determine k(-1).
2
Let p(i) = -i**3 - i**2 + i + 1. Let y = -9 - -12. Suppose y*q + 8 = 7*q. Calculate p(q).
-9
Let w(p) = -3*p**2 - 5*p - 4. Let k(t) = -t**3 + 4*t**2 + 12*t - 3. Suppose -2*q - 3*s + 6 = -12, 16 = 3*q - s. Let r be k(q). What is w(r)?
-16
Let g(z) = -12*z + 1. Let h(t) = -14*t**3 - 2*t - 2. Let r be h(-1). Let u be (-36)/(-28) - 4/r. Give g(u).
-11
Let v(k) be the first derivative of -15*k**2/2 - 30. Suppose 0 = 2*c + 2*c + 4. Determine v(c).
15
Let l be 0/(4 + 4/(-2)). Let q(b) = b**3 + b**2 + b - 6. What is q(l)?
-6
Let c(v) be the second derivative of -v**4/6 - v**3/3 - v**2/2 - 280*v. What is c(2)?
-13
Let s be (-3)/6*(-24)/4 - -1. Let k(l) = l. Determine k(s).
4
Suppose -2*l = 19 - 27. Let p(k) = 811*k - 815*k - 1 - 2. Calculate p(l).
-19
Let b(x) be the third derivative of -8*x**2 - 1/3*x**4 + 0 + 0*x + 1/12*x**5 + 1/120*x**6 - 4/3*x**3. Determine b(-6).
4
Suppose 4*i + 0*p + 13 = 3*p, 2*p - 3 = -3*i. Let f be i + (-6)/(-3 + 1). Let l be ((-11)/11)/(f - 1). Let j(m) = 2*m**3 - m**2 - 2*m - 1. Calculate j(l).
-2
Let d(t) = t**3 + 7*t**2 + 6*t + 5. Let l(v) = 6*v**2 - v + 3. Let a be l(3). Let f be 4 + -1 + a/(-6). Determine d(f).
5
Let o(d) = d**2 - 6*d + 4. Let x(r) = r**2 - 6*r + 4. Let g(f) = -4*o(f) + 5*x(f). What is g(4)?
-4
Let z(i) = 2*i**2 + 2*i - 4. Let c be ((-12)/(-14))/(8/(-28)). Give z(c).
8
Let m(g) = 2*g**2 - g + 2. Suppose 77 = 3*r + 26. Suppose 15 = -i + r. Calculate m(i).
8
Let p(n) be the third derivative of n**5/10 - n**4/24 + n**3/6 - 7*n**2. Let o(h) = h**2 - 19*h + 49. Let q be o(3). What is p(q)?
6
Let i(w) be the third derivative of 0*w - 1/24*w**4 + 0 - 8*w**2 - 1/6*w**3 + 1/120*w**6 - 1/60*w**5. Calculate i(-1).
-2
Let z(s) = s**2 - 10*s + 11. Let m(k) = -k**3 - 13*k**2 - 14*k - 15. Let y be m(-12). Let x be z(y). Let r(p) = p**3 - 2*p**2 + 2*p - 3. Calculate r(x).
1
Let f(n) = -4*n**2 + 0*n**2 - 10 + 6 - 5*n + 3*n**2. Suppose -2*z + 20 = -3*r - 6*z, -18 = 4*r + z. Determine f(r).
0
Suppose -6*s = -13*s + 133. Let i(w) = s + w**2 - 9*w + 15 - 35. Give i(8).
-9
Let o(d) = d - 1. Suppose 1659*j + 165 = 1674*j. Give o(j).
10
Let p(d) = 9 + 4*d + 3*d + 2*d**2 + 3*d**2 - 3*d**2. Let c be p(-3). Let g(v) = v**2 - v - 8. What is g(c)?
22
Let p be 1/(-6)*1 + 6391/(-498). Let a(m) = m + 12. What is a(p)?
-1
Let b be (-55)/(-10) - 3/6. Let m(y) be the first derivative of -4*y - b + 1/2*y**2. What is m(2)?
-2
Let p(s) be the third derivative of s**4/6 - s**3/2 + 87*s**2. Calculate p(-5).
-23
Let w(d) = -1. Let m(l) = 2*l + 3. Let i = 82 + -81. Let u(n) = i*m(n) - 4*w(n). Calculate u(-6).
-5
Let q(l) = -l**2 + 4*l + 5. Suppose -5*d + 3*d + 14 = p, 0 = -d + 5. Give q(p).
5
Let u(t) = -t**2 + 5. Let a be u(0). Let n(w) = -2*w - w - 6 - 4*w + a*w. Give n(-6).
6
Let f = 314 + -316. Let m(u) = 3*u**2 - 3*u - 1. What is m(f)?
17
Let l(v) = -2*v**3 + 2*v**2 + 5*v - 3. Let c(b) = -b**3 + b + 1. Let s(z) = c(z) - l(z). Let m be s(3). Let p(h) = 7*h - 7*h + 1 - 9*h**3. Determine p(m).
-8
Suppose -78 = 30*x + 282. Let q(k) = k**3 + 12*k**2 - 3*k + 13. Calculate q(x).
49
Let a(v) = v**3 + 4*v**2 - 11*v - 9. Let t(h) = -h**2 + 5*h + 4. Let s(j) = 2*a(j) + 5*t(j). Determine s(-2).
-8
Let g(m) = 7*m + 0*m**2 - 2*m**2 + 6*m - 14 + 8*m + 0. What is g(10)?
-4
Suppose -p + 3 = -0*p. Let u(w) = -5*w - w**p - 2 - 2*w**2 + 0*w + 3*w. Determine u(-2).
2
Suppose -14 = -5*m - 4. Suppose 0 = -2*f - 2*f + m*k - 26, -5*k = -f - 11. Let a(n) = -7*n - 14. Let y(s) = 3*s + 7. Let d(r) = 2*a(r) + 5*y(r). What is d(f)?
1
Suppose -5*u + 142 + 13 = 0. Let v be u*1/(-11) + 42/(-231). Let q(i) = -3 + 2 - 3*i - i**2 + 2. Give q(v).
1
Suppose -3*x + 28 = -4*f, -8 = -4*x + 3*f - 5*f. Let i(s) = 2*s + 3. Determine i(x).
11
Let i(k) = -k**3 - 4*k**2 - 5*k - 3. Let m(p) = 35*p - 248. Let z be m(7). What is i(z)?
3
Let g(c) = -c**2 + c + 2. Let j be g(3). Let z(a) = a + a + a - 3. Determine z(j).
-15
Let i(w) = w. Let l(u) = -u - 1. Let h(k) = 3*i(k) - l(k). Suppose 0 = 2*f - 6*f + 4. Determine h(f).
5
Suppose -7 = u - v + 3*v, -2*u + v + 11 = 0. Let l(w) = -4 + u*w + 1 - 2*w. Let g be l(4). Let h(n) = 8*n**3 - 2*n**2 + 1. What is h(g)?
7
Let c(w) = -w**2 - 4*w - 8. Suppose 4*s = 9 + 15. What is c(s)?
-68
Let q(d) = 6 + 2*d - 5 - 3*d. Let b(f) = 8*f - 170. Let v be b(22). Determine q(v).
-5
Let u(t) = 3*t + 2. Suppose -7*r - 12 = -10*r. Let b(x) = x. Let i(j) = r*b(j) - u(j). Let f be (2 - 1)*5/1. Calculate i(f).
3
Let c(q) = -3*q - 1. Suppose 2*j + j = 6, -2440 = -5*u - 5*j. Let i be (u/(-30))/(-3) - (-2)/(-5). Calculate c(i).
-16
Let x(s) = -s**2 - 9*s - 1. Let f(z) = 3*z**2 + 27*z + 4. Let y(i) = -6*f(i) - 17*x(i). What is y(-8)?
1
Suppose 3*l + 8 = -2*g - 1, 0 = 3*l - 3. Let v(m) = -m**2 - 8*m + 4. Determine v(g).
16
Let a(h) = -h + 4. Let g = 8 + 13. Let k = g - 24. Give a(k).
7
Suppose -4*j - 3*h - 5 = -1, -h + 16 = -3*j. Let y(t) = -t**3 - 4*t**2 - 4*t - 4. Calculate y(j).
12
Let a(w) = -5*w + 8. Let d be (-23)/(-3) + (171/27)/19. Give a(d).
-32
Suppose 5*s + 11*s - 80 = 0. Let d(f) = -f**3 + 5*f**2 + 3*f - 6. Determine d(s).
9
Suppose 0 = -29*x + 70*x + 41. Let o(m) be the third derivative of -m**5/10 + m**4/24 + m**2. What is o(x)?
-7
Let g(y) be the second derivative of y**4/6 + y**3/6 + y**2/2 + 8*y + 1. Determine g(-2).
7
Suppose 0 = -5*x + 10*x - 15. Let i(o) = o - 7*o**2 - 2*o**3 + 5*o**x - 2*o**3 + 6*o**2. Give i(2).
6
Let u be (-16)/(-56) + (-48)/(-28). Let m(h) be the first derivative of 2/3*h**3 + 4 - h**4 - h + 0*h**u. What is m(-1)?
5
Let r(z) be the second derivative of z**3/6 + 7*z**2 + 13*z - 1. Give r(-12).
2
Let f(u) = -4*u**3 - 2*u**2 - 10*u + 7. Let y(b) = -184*b**3 + 0 + 1 + 183*b**3 - b + 0. Let v(i) = f(i) - 5*y(i). Calculate v(3).
-4
Let a(z) be the first derivative of -5*z**2/2 + 3*z - 1. Let o = -4 + 10. Suppose o = -i + 4*i. What is a(i)?
-7
Suppose 0 = 3*v - 5*v. Let z(d) = -4 + v*d - 2*d + 3*d - 2*d. Give z(-4).
0
Let v(c) = -6 + 4*c**2 - 7*c + c**3 + 3 + 1. Let j(s) = -11*s**2 - 16*s + 7. Let x be j(-2). Give v(x).
8
Let h(d) = -d**3 + d**2 + 4*d - 1. Let p(c) = -c**3 + 5*c - 2. Let y be 3 + 1 + -24 + 16. Let o(l) = y*p(l) + 5*h(l). Calculate o(5).
3
Let f(v) = 3*v**3 - 11*v**2 + 19*v + 18. Let x(h) = -h**3 + 4*h**2 - 6*h - 6. Let r(n) = -2*f(n) - 7*x(n). Let i = 12 + -7. Determine r(i).
1
Let q(r) = 27*r**3 + 11 - 10 - 21*r - 5*r**3 + 20*r. Determine q(1).
22
Let q(g) be the first derivative of g**3/3 + 5*g**2/2 - 8*g - 24. Give q(